Suppose 1275 = -7*g + 22*g. List the prime factors of g.
5, 17
Let x be 7*132*2/14. Suppose -3*d = s - 99, -d + x = 3*d - 4*s. List the prime factors of d.
3, 11
Let m(y) be the second derivative of -y**5/20 - y**4/3 + 7*y**3/6 - 3*y**2 - y. Let p be (-5)/(-10)*-2*(4 - -2). What are the prime factors of m(p)?
2, 3
Let n(z) = -3*z**2 - z - 14. Let d(o) = 4*o**2 + 2*o + 15. Let k(q) = 4*d(q) + 5*n(q). Let j be (-6)/(-8) - (-255)/60. List the prime factors of k(j).
2, 3, 5
Suppose 2*s = 4*y + 424, 0 = 10*s - 6*s + 2*y - 858. What are the prime factors of s?
2, 107
Let l(f) = -11*f - 19. Let b be l(-16). Let k = 228 - b. List the prime factors of k.
71
Let r(i) = 10*i**2 + 70*i + 20. List the prime factors of r(-18).
2, 5
Let c = -93 - -221. Suppose 7*m + c = 3*m. Let j = m + 48. What are the prime factors of j?
2
What are the prime factors of (1625/(-2))/((-36)/72)?
5, 13
Let k = 6 - -30. Suppose -z + 4*h = -37, 0*z = z - 5*h - k. List the prime factors of z.
41
Suppose -3*w - 2*h + 0*h = 2, -4*h - 4 = 3*w. Let u be (-29)/((5/4)/(-5)). Suppose 5*i - i - u = w. List the prime factors of i.
29
Suppose -3*h + 119 = 2. Let l be 164/(-8) - 3/(-6). Let n = h + l. List the prime factors of n.
19
What are the prime factors of (-751)/(-8)*10 - (-6)/(-8)?
2, 7, 67
Suppose v + 15 = -2*v. Let x(z) = z**2 + 7*z + 12. Let b be x(v). Suppose b + 4 = 2*y. What are the prime factors of y?
3
Suppose -20*q + 23*q - 3*o = 9012, o - 2 = 0. What are the prime factors of q?
2, 3, 167
Suppose -2*s - 5 = 1. What are the prime factors of s/(-9)*3 + 44?
3, 5
Suppose -5*m + 3*a - 5*a + 291 = 0, 0 = 4*a - 12. Let w be (-36)/(-45)*(-85)/2. Let z = w + m. List the prime factors of z.
23
Let w(h) = -h**2 + 6*h + 3. Let a be w(6). Suppose -3*c - a*f - 36 = -0*c, -2*f - 4 = 0. Let x(m) = -m**2 - 10*m + 7. List the prime factors of x(c).
7
Suppose -2*l + 5472 = 5*s, -11*s + 7*s = 4*l - 4368. List the prime factors of s.
2, 137
Let i(t) = -t**3 - 3*t**2 - t + 1. Let f be i(-3). Let g(y) = -y**3 + 5*y**2 - 3*y - 2. Let v be g(f). What are the prime factors of (-52)/(-39) - v/(-3)?
2
Let d = -97 - -164. Suppose -a = -2*a + d. What are the prime factors of a?
67
Suppose 20 = 5*o - 50. Let n be (-16)/(-28) - 36/o. List the prime factors of (-25)/n + (-1)/(-2).
13
Suppose 15*y - 150776 = -32*y. List the prime factors of y.
2, 401
Suppose 0 = 3*t - 4*o + 7, 0 = 2*t - 5*t - o + 13. Let h(y) = -y**3 + 4*y**2 - 2*y + 4. What are the prime factors of h(t)?
7
Let l be (-60)/(-18) + (-1)/3. Let n be (4 - l)/((-3)/(-156)). Suppose 54 = 5*o - q, -5*o + 1 + n = -2*q. What are the prime factors of o?
11
Suppose j - 5*i + 42 = 0, -2*j - 12 = 2*i + 24. What are the prime factors of (1/(2/10))/((-2)/j)?
5, 11
Let q be 81/15 - 4/10. Suppose -l = 3, n - q*n = -5*l - 75. List the prime factors of 3*(-4)/(-30)*n.
2, 3
Let p be (-2)/4 + 21/2. Let u be 2736/(-60) + 6/p. Let t = -24 - u. List the prime factors of t.
3, 7
Let q be -5 + 3 - (1 + 0 - 21). List the prime factors of (340/(-153))/((-4)/q).
2, 5
Let m = -22 + 19. List the prime factors of 82 - (-4)/(-6)*m.
2, 3, 7
Suppose 5*f - 33 = -13. Suppose d = -4*a - 10, 0 = -f*d + 2*d - 5*a - 8. Let h = d + 4. What are the prime factors of h?
2, 5
Let x(r) = r**3 + 20*r**2 - 31*r + 46. Let p(w) = w**3 + 21*w**2 - 30*w + 46. Let m(f) = 3*p(f) - 4*x(f). List the prime factors of m(-19).
2, 3, 5
Let a be (-160)/(-6) + 4/(-6). Let t = -4 + 11. Let c = a - t. List the prime factors of c.
19
Suppose -8*h - 31 - 17 = 0. Let x = 36 - h. List the prime factors of x.
2, 3, 7
Suppose -267 = -4*o + o. Let h = -73 - -13. Let s = h + o. What are the prime factors of s?
29
Suppose -5*g - 3*n + 31 = -g, 3*g - 7 = n. Suppose -g*a + a = 2*f - 13, 4*f - a = 5. Suppose -f*l - 32 = -94. List the prime factors of l.
31
List the prime factors of (-4494)/(-66) + (-7)/77.
2, 17
Let w(c) = c**3 + 10*c**2 - 2*c + 10. Let p be w(-8). Suppose -3*v = 2*z - p, 55 = z - 5*v + v. What are the prime factors of z?
71
Let m = 8 - 7. What are the prime factors of (22/(-10) + m)*(-29 - 1)?
2, 3
Let x be (30/(-9) + 4)*3. Suppose 72 = 4*p + x*p. List the prime factors of p.
2, 3
Let v = 90 + -90. Suppose -5*g = -2*g + 4*b - 100, 0 = 5*b - 20. Suppose 3*d - g = r - 1, v = 2*d - 4*r - 8. What are the prime factors of d?
2, 5
Let v(z) = z**2 - 3*z - 3. Let s be v(4). Suppose -l - s = -3. Suppose 2*c + 4 + 4 = 2*w, -16 = -2*w - l*c. List the prime factors of w.
2, 3
Suppose 2*y + 126 = 5*y. Suppose 0 = -2*x + 3*x - y. List the prime factors of x.
2, 3, 7
Let c be 10/25 - (-7)/(-5). What are the prime factors of 257/c*(-14 + 13)?
257
Let a(p) = -128*p - 159. List the prime factors of a(-16).
1889
Suppose 6*j = -4*s + j + 74, -s - 4*j + 13 = 0. What are the prime factors of 28/s*63*(-16)/(-6)?
2, 7
Suppose 1404 + 4848 = 4*c. What are the prime factors of c?
3, 521
Suppose -69 = 14*t - 17*t. Suppose 2*x - 121 = t. List the prime factors of x.
2, 3
List the prime factors of (-9)/9*303/(-1).
3, 101
Let u be ((2 - 3) + 2)*5. Suppose -9 = 5*d - 4*x + 3*x, -4*d - 13 = u*x. List the prime factors of (-54)/(-3) + 0 + d.
2
What are the prime factors of -776*21/(-14) - -1?
5, 233
Suppose -2*r - 501 = -3*i, 5*r = -0*i + 5*i - 835. List the prime factors of i.
167
Let j = 138 + -117. Let i(l) = 9*l - 14. List the prime factors of i(j).
5, 7
Suppose 3 = -3*v + 4*v - y, -3*v - y = -13. Suppose o - v*b - 221 = 0, -b + 0*b - 3 = 0. What are the prime factors of o?
11, 19
Let a(q) = 28*q**2 + 2*q + 2. Let c be a(-2). Suppose 3*n - 4*n + 5*z + 70 = 0, -5*z + c = 3*n. List the prime factors of (-167)/(-15) + (-6)/n.
11
Let c(t) = 5*t**2 - t - 9. Let m be c(-2). Let h be 1/(1 + 36/(-37)). Let j = h - m. List the prime factors of j.
2, 3
Let y be (-1 - 36)*(2 - 4). Let b = 135 - y. What are the prime factors of b?
61
Let p = 1249 - 356. List the prime factors of p.
19, 47
Let f(j) = 6*j - 7. Let d be f(4). Let s = d - 10. Let y(p) = 5*p - 1. What are the prime factors of y(s)?
2, 17
Suppose 3*j - 5*o - 220 = 0, -5*j = 4*o - 262 - 154. Suppose j = 5*c - 55. Suppose c = -y + 2*y. List the prime factors of y.
3
Let q(z) = -73*z - 1. Let i be q(-1). Let m = i - -18. What are the prime factors of m?
2, 3, 5
Let s = -402 - -161. Let r = s + 339. What are the prime factors of (r/4)/((-2)/(-4))?
7
Let l be 7*(-3 - 1) - -3. Let x = 35 + l. Suppose -x*p + 7*p + 15 = 0. What are the prime factors of p?
5
Let d(h) = 11*h**2 - 10*h + 94. List the prime factors of d(7).
563
Let l(o) = o**3 - 8*o**2 - 7*o - 5. Let v be 4/3*6/4. Suppose -27 = -v*c - c. What are the prime factors of l(c)?
13
List the prime factors of (0 + 676)/((-2)/(-1)).
2, 13
Let d(t) = -t - 1. Let b(j) = -j**2 + 5*j + 3. Let c(o) = b(o) - 4*d(o). Suppose 0*s - 3*k + 41 = 5*s, -19 = -3*s + k. List the prime factors of c(s).
3, 7
Let x(i) = -i**3 + 36*i**2 - 50*i - 1. What are the prime factors of x(34)?
13, 47
Let t(p) = -p**3 + 3*p**2 - p. Let j be t(2). Suppose h - j*h = -12. Suppose -a = -18 + h. List the prime factors of a.
2, 3
Suppose -4*h + 6*h + 6 = 0, -v = -3*h - 2726. List the prime factors of v.
11, 13, 19
Let q(c) = c**3 + 8*c**2 - 9*c + 5. Let w be q(-8). Let u be 2/7 + (-253)/w. List the prime factors of (0/1)/u + 17.
17
Let k = -4 - 7. Let o(j) = j**3 + 12*j**2 + 12*j + 12. Let r be o(k). List the prime factors of 9*(5/3 + r).
2, 3
Suppose -3*z = -3*q - z + 325, 3*q - 300 = -3*z. Suppose 0 = -3*f + 4*g + 385, -5 - q = -f + 5*g. List the prime factors of f.
3, 5
List the prime factors of (-3529948)/(-920) - 1/(-10).
3, 1279
Suppose 7 = -3*i - 2. Let v be -21 - (-2 - 3/i). List the prime factors of (-5)/v - 155/(-4).
3, 13
Let q(f) = -f**3 - 5*f**2 - 3*f + 4. Let h be q(-6). Suppose 6*c = 53 + 13. Let m = h + c. List the prime factors of m.
3, 23
Let j(q) = q**3 - 15*q**2 - q + 18. Let c be j(15). List the prime factors of c - 2 - (1 + -4 - 123).
127
Suppose 0 = 5*t - t, 5*s - 30 = -t. What are the prime factors of 112/s*(30/(-6) - -8)?
2, 7
Let m(a) = 33*a - 263. List the prime factors of m(40).
7, 151
Let d(s) = s. Let x be d(2). Suppose -17 = x*w + 11. Let a(k) = -k**3 - 13*k**2 + 10*k - 8. What are the prime factors of a(w)?
2, 3
Let z(n) = 84*n - 57. What are the prime factors of z(7)?
3, 59
Suppose 58*k - 10 = 56*k, 4*k = 3*u - 6214. List the pri